27582 and 48958?
182
Calculate the highest common divisor of 8341 and 57.
19
Calculate the greatest common factor of 49691 and 229653.
1343
Calculate the highest common divisor of 8492 and 40832.
44
Calculate the greatest common factor of 118961 and 1412.
353
What is the highest common factor of 3026940 and 30?
30
Calculate the greatest common divisor of 45 and 11889.
9
What is the highest common factor of 357 and 5586?
21
Calculate the highest common divisor of 2 and 36398.
2
Calculate the greatest common divisor of 418 and 55.
11
What is the greatest common divisor of 45859 and 2904?
121
What is the greatest common factor of 2304585 and 9?
9
Calculate the highest common factor of 166 and 560.
2
What is the greatest common divisor of 31 and 80383?
31
What is the highest common factor of 63 and 25347?
21
What is the highest common factor of 9888 and 2592?
96
What is the greatest common divisor of 2 and 5774?
2
Calculate the highest common divisor of 1284 and 178797.
321
What is the greatest common factor of 5135841 and 9?
9
Calculate the highest common factor of 6336 and 149600.
352
What is the highest common divisor of 2752 and 9280?
64
What is the highest common divisor of 11484 and 1068969?
957
Calculate the greatest common factor of 13826 and 892.
446
What is the greatest common divisor of 798 and 1026?
114
What is the greatest common divisor of 1129463 and 58?
29
Calculate the greatest common divisor of 112 and 102774.
14
Calculate the greatest common factor of 234 and 32682.
78
What is the greatest common divisor of 20 and 13474?
2
Calculate the greatest common divisor of 19695 and 260.
65
What is the greatest common divisor of 893 and 1279669?
893
What is the highest common factor of 406546 and 142?
142
What is the greatest common divisor of 9114 and 3234?
294
What is the greatest common divisor of 253 and 1132241?
11
Calculate the highest common divisor of 69630 and 7920.
330
What is the greatest common divisor of 41741 and 3752?
469
Calculate the highest common factor of 94062 and 4112.
514
Calculate the highest common factor of 1204 and 4529.
7
What is the highest common divisor of 287 and 10?
1
What is the greatest common factor of 2985334 and 22?
22
Calculate the highest common factor of 9800 and 130.
10
Calculate the greatest common divisor of 2 and 18632.
2
Calculate the greatest common divisor of 10510612 and 1736.
868
Calculate the greatest common divisor of 339716 and 1880.
188
What is the greatest common factor of 1337296 and 114?
38
What is the greatest common factor of 58 and 4553?
29
What is the greatest common factor of 544 and 122624?
32
What is the greatest common divisor of 33060 and 70644?
348
What is the highest common factor of 1184 and 11188208?
592
What is the greatest common factor of 360 and 1032?
24
Calculate the greatest common factor of 304 and 1292.
76
Calculate the greatest common divisor of 6970 and 615.
205
What is the highest common factor of 2075 and 2975?
25
What is the greatest common factor of 169347 and 57?
57
What is the greatest common factor of 10816 and 624?
208
What is the highest common divisor of 145900 and 260?
20
What is the highest common factor of 339 and 321598?
113
Calculate the highest common factor of 376 and 126524.
188
Calculate the highest common factor of 76736 and 76032.
704
What is the highest common factor of 45 and 1448835?
15
Calculate the greatest common divisor of 239268 and 48.
12
Calculate the highest common factor of 1030063 and 1337.
191
Calculate the highest common factor of 1532 and 22.
2
Calculate the highest common factor of 4248 and 5958.
18
What is the greatest common divisor of 247 and 4849?
13
Calculate the greatest common factor of 13 and 255996.
13
Calculate the greatest common factor of 189316 and 19.
19
What is the highest common factor of 343549 and 21856?
683
What is the highest common divisor of 543 and 1636602?
543
Calculate the greatest common divisor of 1406 and 29678.
38
What is the highest common factor of 156 and 72150?
78
Calculate the greatest common factor of 9 and 137961.
9
What is the greatest common divisor of 368 and 31504?
16
Calculate the highest common factor of 4047735 and 15.
15
What is the highest common divisor of 126 and 9800?
14
What is the highest common divisor of 161113 and 7024?
439
Calculate the highest common factor of 840 and 9960.
120
Calculate the greatest common divisor of 4416 and 768.
192
Calculate the highest common divisor of 1708926 and 542.
542
What is the greatest common divisor of 53757 and 594?
297
Calculate the greatest common divisor of 5032 and 2072.
296
What is the greatest common divisor of 195 and 818205?
15
Calculate the highest common factor of 931 and 233719.
19
Calculate the greatest common factor of 83152 and 128.
16
What is the highest common factor of 264 and 150546?
66
Calculate the greatest common divisor of 264 and 100584.
264
What is the highest common factor of 8136207 and 162?
81
What is the highest common divisor of 1081594 and 38?
38
Calculate the greatest common divisor of 2737 and 330395.
391
What is the greatest common factor of 78 and 7710?
6
What is the greatest common divisor of 141936 and 96?
48
Calculate the highest common divisor of 276129 and 91.
7
Calculate the greatest common factor of 242589 and 33.
3
What is the greatest common factor of 76066 and 584?
146
What is the greatest common factor of 24969 and 232?
29
Calculate the highest common divisor of 23336 and 296.
8
Calculate the greatest common factor of 98 and 418964.
14
What is the greatest common divisor of 225 and 5877?
9
Calculate the highest common factor of 357 and 12750.
51
What is the greatest common divisor of 84 and 97692?
84
What is the highest common factor of 3256 and 264?
88
Calculate the highest common divisor of 4560 and 6555.
285
What is the greatest common divisor of 82 and 14391?
41
Calculate the greatest common factor of 1692 and 35955.
423
Calculate the highest common factor of 129 and 186135.
3
Calculate the greatest common factor of 623 and 20153.
7
Calculate the greatest common divisor of 446 and 13603.
223
Calculate the highest common divisor of 9 and 1593117.
9
What is the greatest common factor of 1561 and 231?
7
Calculate the highest common divisor of 7320 and 12072.
24
What is the highest common factor of 37557 and 56862?
351
What is the highest common divisor of 102 and 8475486?
102
What is the greatest common divisor of 9238 and 569478?
298
What is the greatest common factor of 243 and 31212?
27
Calculate the highest common factor of 42092 and 6809.
619
What is the highest common factor of 267928 and 8?
8
Calculate the greatest common factor of 4140 and 11316.
276
What is the greatest common divisor of 1658 and 498229?
829
What is the greatest common factor of 45 and 1354905?
45
Calculate the highest common factor of 48 and 3756.
12
What is the highest common divisor of 1671985 and 21?
7
What is the highest common divisor of 284 and 270652?
284
Calculate the greatest common divisor of 105945 and 945.
105
What is the greatest common factor of 442 and 2136152?
34
Calculate the highest common factor of 4204 and 4504586.
2102
Calculate the highest common factor of 2865842 and 2770.
554
What is the greatest common divisor of 8330 and 98?
98
What is the highest common factor of 10070 and 494?
38
Calculate the greatest common factor of 819 and 45513.
117
Calculate the greatest common divisor of 20 and 83290.
10
Calculate the greatest common factor of 1044348 and 348.
348
What is the greatest common factor of 22402152 and 2088?
2088
What is the highest common factor of 720 and 26118?
18
Calculate the highest common factor of 1798 and 58638.
58
What is the greatest common divisor of 933317 and 119?
119
What is the greatest common factor of 3956 and 16054?
46
Calculate the greatest common factor of 4284 and 266.
14
Calculate the greatest common factor of 25578 and 13230.
882
Calculate the highest common factor of 1345 and 44116.
269
Calculate the highest common factor of 1090 and 32155.
545
What is the highest common factor of 825 and 182160?
165
What is the highest common factor of 9828 and 22334?
26
What is the highest common factor of 1094 and 1765169?
547
What is the highest common divisor of 5 and